ctor of v and 16.
16
Let c be 0 + (8 - 4) - 59. Let h = c - -56. Let i be 89/7 + 4/14*h. What is the highest common divisor of i and 13?
13
Let a = -424 + 641. Let r = -199 + a. What is the greatest common divisor of r and 12?
6
Let v(g) be the second derivative of g**3/3 + 23*g**2/2 - 5*g. Let s be v(-11). Let h be 15 - 5 - (s - 1) - -1. What is the greatest common factor of 99 and h?
11
Suppose 0 = -l + 624 + 675. Let y = -711 + l. Suppose -y = t - 8*t. Calculate the greatest common factor of t and 210.
42
Suppose -5*b - 25 = y, 5*y - 1 + 10 = 4*b. Let h(n) = n**3 + 5*n**2 - 13*n + 1. Let f be h(y). Calculate the greatest common factor of 6 and f.
6
Let o(b) = -b + 56. Let k be o(7). Let y = 27 - k. Let u be (-23932)/(-341) - (-4)/y. What is the highest common divisor of 28 and u?
14
Suppose -2*b + 791 = 141. Suppose -b = -5*f - 5*q, -4*q + 322 = 5*f - 0*q. Calculate the greatest common divisor of 62 and f.
62
Suppose 94 = -4*m + 574. Suppose 2*k - 4*o = 320, 3*k - 5*o - 52 = 432. What is the greatest common factor of m and k?
24
Let h(d) = d**2 - 8*d + 7. Let j be h(8). Suppose j - 139 = -11*u. Calculate the greatest common divisor of u and 564.
12
Let f(s) = -14*s - 5. Let a be f(-6). Let x = -111771 - -112561. Calculate the greatest common divisor of a and x.
79
Let m = 5396 - 3195. What is the highest common divisor of 217 and m?
31
Let f(n) be the second derivative of n**4/12 - 7*n**3/3 + 10*n**2 - 5*n. Let o be f(15). Let u = 412 - 132. What is the highest common divisor of o and u?
35
Let p be (0 + 636)*(52/390)/(4/10). What is the greatest common factor of 108 and p?
4
Suppose h = -2*b + 4*b - 1872, 10 = -5*h. Let o = b - 893. Let u(z) = z**2 + z + 168. Let x be u(0). Calculate the greatest common factor of o and x.
42
Let j = 158 + -78. Suppose -4*l = -6*l. Suppose -5*w + l*w = -j. What is the highest common divisor of w and 48?
16
Let h be ((-931)/14)/(-7) + (-1)/(-2). Let r be -5 - (-66)/15 - 462/(-70). Calculate the highest common factor of h and r.
2
Suppose 22*t - 123 - 53 = 0. Let m = -40 - -66. Calculate the greatest common factor of t and m.
2
Let j = -158 - -173. Let u be ((-140)/j*3)/(-1). What is the highest common factor of u and 70?
14
Let l(m) = m + 41. Suppose -63 = n + 2*n. Let p be l(n). Let x(u) = u**2 - 3*u - 5. Let v be x(-2). What is the greatest common factor of p and v?
5
Let c(s) = s**2 - 6*s + 7. Let j be c(5). Let b = -75251 - -75273. Calculate the highest common divisor of j and b.
2
Let r be 306/(-6)*(-45)/3. Calculate the greatest common divisor of r and 119.
17
Suppose t = -2*t, 3*s - 3*t - 294 = 0. Suppose -324 = 5*o + 3*l + 302, o = 3*l - 118. Let j = o - -138. Calculate the highest common factor of s and j.
14
Let u(t) = -24*t + 72. Let n be u(6). Let c = 156 + n. Calculate the greatest common divisor of 63 and c.
21
Let z be 11 + 5/(-150)*326 + 1436/30. What is the highest common factor of z and 2628?
12
Let q(n) = -3*n**3 - 66*n**2 + 26*n + 155. Let t be q(-23). Calculate the highest common factor of 91 and t.
13
Let a(j) = 28*j**2 + 41*j - 156. Let t be a(4). Let c be (-19)/(t/80)*3/(-2). Calculate the highest common divisor of c and 1.
1
Let o(s) = 0 - 11 + s + 11 + 11 + 11. Let p = -14 - -18. Let l be o(p). What is the highest common factor of 39 and l?
13
Suppose 30 = 10*h - 7*h. Suppose 3*n - 305 = -5*v, -4*v + 6 + h = 0. Let q = n + -84. Calculate the highest common divisor of q and 1.
1
Suppose a - 558 = -2*t, -1368 - 1430 = -5*a - 2*t. What is the greatest common factor of 210 and a?
70
Let r(s) = -2*s**2 + 4*s + 47. Let m be r(-6). Let n = 104 + m. What is the greatest common divisor of n and 99?
11
Suppose -6*u - u = -28. Let o(g) = 9*g - 8 + 4 - 25 + u*g**2 + 9. Let z be o(5). What is the highest common factor of z and 25?
25
Let x(c) = c**3 + 10*c**2 - 5. Let b be x(-5). Suppose -6*h + b = -2*h. Let g be -6 + (-12)/(-7)*7. Calculate the highest common divisor of h and g.
6
Let f(x) = -x**3 - 11*x**2 + 3. Let l be f(-11). Let h = 4 + l. Suppose -2061*u + 2049*u = -672. What is the highest common factor of h and u?
7
Suppose -3*o + 1510 = -x + 289, -5*x = o - 391. Calculate the highest common divisor of o and 14.
14
Suppose 37 = 11*y + 4. Suppose 2*p + v - 3466 = 0, -2*p + y*v = p - 5217. Suppose -p - 65 = -15*m. Calculate the highest common divisor of 15 and m.
15
Let g = 11270 + -11118. Let v(c) = -6*c - 5. Let w be v(-4). What is the greatest common factor of w and g?
19
Let q = -398 - -411. Let x(t) = -10*t + 187. Let k be x(q). What is the highest common factor of 323 and k?
19
Suppose 5*s = -2*z + 17830, 36699 = 4*z - 5*s + 1129. What is the highest common divisor of z and 50?
50
Let d = -12443 - -12543. What is the highest common factor of d and 275?
25
Suppose 2372*b - 4633 = 2371*b. What is the highest common factor of b and 41?
41
Let g(h) = -h**2 + 10*h + 4. Let i be g(10). Suppose -2*u = -m + 193 + 32, -u + 855 = i*m. What is the highest common divisor of 5 and m?
5
Let z(d) = d**3 + 48*d**2 + 53*d + 2242. Let l be z(-40). What is the highest common factor of l and 364?
182
Let y = -275 + 450. Suppose -4*v - 11 = 5*o - 30, 4*o + 3*v = 15. Suppose -78 = -o*a - 3. What is the greatest common divisor of y and a?
25
Let y be (-1605)/(-39) + 6/(-39). Let u(l) = -28*l**3 - 5*l**2 - 3*l - 1. Let p be u(-2). Suppose -p = -8*w - y. What is the greatest common factor of w and 42?
21
Let g be (4 + -3)*-4 + -63. Let s = 199 + g. Suppose d - 2*p = 14 + 8, 4*d + 3*p - s = 0. What is the highest common divisor of d and 45?
15
Let o = 1921 + -1767. Calculate the greatest common divisor of 1463 and o.
77
Let l be (40/4)/(0 + 1). Suppose 14931 - 7935 = 331*k - 19484. Calculate the highest common factor of l and k.
10
Suppose 0 = 20*v - 21*v + 466. Let i = -241 + v. Suppose 11*x + i = 14*x. Calculate the greatest common factor of x and 30.
15
Let v(i) = 4*i + 36. Let c be v(-17). Let g = -10 - c. Let w be ((-13)/13)/((-2)/132). What is the highest common divisor of g and w?
22
Let r = -78 + 74. Let d be ((48/4)/(-6))/(2/r). What is the highest common divisor of d and 16?
4
Suppose 30*h + 0*h - 39008 = -23*h. Calculate the greatest common factor of h and 207.
23
Let z(j) = -j**2 + j + 377. Let y be z(0). Suppose -29*b = -6*b + 5*b. Suppose b = -18*q + y + 253. What is the highest common divisor of 14 and q?
7
Let m(y) = 3*y - 22. Let c be m(4). Let d be (-25 - 0)*2/c. Let x(r) = 2*r - 1. Let f be x(d). What is the highest common factor of f and 3?
3
Let j = -31 - -34. Suppose 112 = j*m + 4*m. Let x be ((-832)/(-130))/((-18)/10 - -2). Calculate the highest common factor of m and x.
16
Let f be 66/18 - (-4)/(-6). Suppose f*l - 2*l - v = 45, -l = v - 49. Let x = l - -135. What is the greatest common divisor of x and 26?
26
Let m(h) be the third derivative of h**5/15 - h**4/24 - 2*h**3/3 + 39*h**2. Let j be m(-2). What is the highest common divisor of j and 266?
14
Let p = 174 + -171. Suppose 4*i + 0*i = -4*v + 132, -i + 97 = p*v. Calculate the highest common factor of v and 48.
16
Let j = -7 + -85. Let b = 98 + j. Let o be 627/15 + 2/10. Calculate the greatest common factor of b and o.
6
Let c(y) = 3*y**2 - 9*y + 9. Let x be c(2). Suppose -9*t = -x*t - 48. What is the greatest common factor of t and 104?
8
Let d(r) = -5*r**3 - 3*r**2 - 2*r - 2. Let a(w) = 4*w + 50. Let z be a(-13). Let f be d(z). Let j = 55 + f. Calculate the highest common divisor of j and 17.
17
Suppose 158 = 2*m + y, 3*m = -4*y + 176 + 56. Let q be 0 + 3 + -2 + 5. Let a be 3 + (-20)/q + m/6. Calculate the highest common factor of 13 and a.
13
Let c(b) = 32*b - 1742. Let a be c(76). Calculate the highest common factor of 4600 and a.
230
Suppose -34 = -f + a, -5*f = 4*a - 10 - 169. What is the highest common factor of f and 25?
5
Suppose 92*q - 69*q = 6164. Calculate the highest common factor of 1943 and q.
67
Let c(s) = -s**3 + 16*s**2 + s + 8. Let z be c(16). Suppose -236 = z*d - 28*d - 4*q, 3*d + 5*q - 167 = 0. Calculate the highest common divisor of d and 32.
32
Suppose -580*j + 561*j + 1425 = 0. What is the highest common factor of j and 90?
15
Let w be 1116/31 + -33 + (-1358)/(-2) + 2. What is the greatest common divisor of 1197 and w?
171
Suppose 2*w + 5*f = 86, w = f - 3*f + 44. Let z be ((-5)/10)/(3 + 412/(-136)). Sup